[INFO] cloning repository https://github.com/Luffbee/talent-kvs
[INFO] running `Command { std: "git" "-c" "credential.helper=" "-c" "credential.helper=/workspace/cargo-home/bin/git-credential-null" "clone" "--bare" "https://github.com/Luffbee/talent-kvs" "/workspace/cache/git-repos/https%3A%2F%2Fgithub.com%2FLuffbee%2Ftalent-kvs", kill_on_drop: false }`
[INFO] [stderr] Cloning into bare repository '/workspace/cache/git-repos/https%3A%2F%2Fgithub.com%2FLuffbee%2Ftalent-kvs'...
[INFO] running `Command { std: "git" "rev-parse" "HEAD", kill_on_drop: false }`
[INFO] [stdout] 3af15ab6d03f9c43b9cba8f7947db422ea9ae785
[INFO] checking Luffbee/talent-kvs against try#72f88fc4e9458f89516a0b8b0868f3718aec5b47 for pr-74989
[INFO] running `Command { std: "git" "clone" "/workspace/cache/git-repos/https%3A%2F%2Fgithub.com%2FLuffbee%2Ftalent-kvs" "/workspace/builds/worker-9/source", kill_on_drop: false }`
[INFO] [stderr] Cloning into '/workspace/builds/worker-9/source'...
[INFO] [stderr] done.
[INFO] validating manifest of git repo https://github.com/Luffbee/talent-kvs on toolchain 72f88fc4e9458f89516a0b8b0868f3718aec5b47
[INFO] running `Command { std: "/workspace/cargo-home/bin/cargo" "+72f88fc4e9458f89516a0b8b0868f3718aec5b47" "read-manifest" "--manifest-path" "Cargo.toml", kill_on_drop: false }`
[INFO] started tweaking git repo https://github.com/Luffbee/talent-kvs
[INFO] finished tweaking git repo https://github.com/Luffbee/talent-kvs
[INFO] tweaked toml for git repo https://github.com/Luffbee/talent-kvs written to /workspace/builds/worker-9/source/Cargo.toml
[INFO] crate git repo https://github.com/Luffbee/talent-kvs already has a lockfile, it will not be regenerated
[INFO] running `Command { std: "/workspace/cargo-home/bin/cargo" "+72f88fc4e9458f89516a0b8b0868f3718aec5b47" "fetch" "--locked" "--manifest-path" "Cargo.toml", kill_on_drop: false }`
[INFO] [stderr]  Downloading crates ...
[INFO] [stderr]   Downloaded panic-control v0.1.4
[INFO] [stderr]   Downloaded slog-scope v4.1.1
[INFO] [stderr]   Downloaded historian v4.0.3
[INFO] [stderr]   Downloaded sled v0.24.1
[INFO] [stderr]   Downloaded pagecache v0.17.0
[INFO] [stderr]   Downloaded csv v1.1.0
[INFO] running `Command { std: "docker" "create" "-v" "/var/lib/crater-agent-workspace/builds/worker-9/target:/opt/rustwide/target:rw,Z" "-v" "/var/lib/crater-agent-workspace/builds/worker-9/source:/opt/rustwide/workdir:ro,Z" "-v" "/var/lib/crater-agent-workspace/cargo-home:/opt/rustwide/cargo-home:ro,Z" "-v" "/var/lib/crater-agent-workspace/rustup-home:/opt/rustwide/rustup-home:ro,Z" "-e" "SOURCE_DIR=/opt/rustwide/workdir" "-e" "CARGO_TARGET_DIR=/opt/rustwide/target" "-e" "CARGO_HOME=/opt/rustwide/cargo-home" "-e" "RUSTUP_HOME=/opt/rustwide/rustup-home" "-w" "/opt/rustwide/workdir" "-m" "1610612736" "--user" "0:0" "--network" "none" "rustops/crates-build-env@sha256:d92eaeed33fa75130ca1ee6c8a01d1ffb62bac859dfdfb3450e3e5d1c0146529" "/opt/rustwide/cargo-home/bin/cargo" "+72f88fc4e9458f89516a0b8b0868f3718aec5b47" "metadata" "--no-deps" "--format-version=1", kill_on_drop: false }`
[INFO] [stdout] d2ab17ab748f3910a4bdd276e192993cc5e1ceb2a9ac087fd5c90cbabe0d2f71
[INFO] [stderr] WARNING: Your kernel does not support swap limit capabilities or the cgroup is not mounted. Memory limited without swap.
[INFO] running `Command { std: "docker" "start" "-a" "d2ab17ab748f3910a4bdd276e192993cc5e1ceb2a9ac087fd5c90cbabe0d2f71", kill_on_drop: false }`
[INFO] running `Command { std: "docker" "inspect" "d2ab17ab748f3910a4bdd276e192993cc5e1ceb2a9ac087fd5c90cbabe0d2f71", kill_on_drop: false }`
[INFO] running `Command { std: "docker" "rm" "-f" "d2ab17ab748f3910a4bdd276e192993cc5e1ceb2a9ac087fd5c90cbabe0d2f71", kill_on_drop: false }`
[INFO] [stdout] d2ab17ab748f3910a4bdd276e192993cc5e1ceb2a9ac087fd5c90cbabe0d2f71
[INFO] running `Command { std: "docker" "create" "-v" "/var/lib/crater-agent-workspace/builds/worker-9/target:/opt/rustwide/target:rw,Z" "-v" "/var/lib/crater-agent-workspace/builds/worker-9/source:/opt/rustwide/workdir:ro,Z" "-v" "/var/lib/crater-agent-workspace/cargo-home:/opt/rustwide/cargo-home:ro,Z" "-v" "/var/lib/crater-agent-workspace/rustup-home:/opt/rustwide/rustup-home:ro,Z" "-e" "SOURCE_DIR=/opt/rustwide/workdir" "-e" "CARGO_TARGET_DIR=/opt/rustwide/target" "-e" "CARGO_INCREMENTAL=0" "-e" "RUST_BACKTRACE=full" "-e" "RUSTFLAGS=--cap-lints=forbid" "-e" "CARGO_HOME=/opt/rustwide/cargo-home" "-e" "RUSTUP_HOME=/opt/rustwide/rustup-home" "-w" "/opt/rustwide/workdir" "-m" "1610612736" "--user" "0:0" "--network" "none" "rustops/crates-build-env@sha256:d92eaeed33fa75130ca1ee6c8a01d1ffb62bac859dfdfb3450e3e5d1c0146529" "/opt/rustwide/cargo-home/bin/cargo" "+72f88fc4e9458f89516a0b8b0868f3718aec5b47" "check" "--frozen" "--all" "--all-targets" "--message-format=json", kill_on_drop: false }`
[INFO] [stdout] aeaa37d4beac8a54abec6315d4caa71b1a689eda0830aabafc3e93877438ef37
[INFO] [stderr] WARNING: Your kernel does not support swap limit capabilities or the cgroup is not mounted. Memory limited without swap.
[INFO] running `Command { std: "docker" "start" "-a" "aeaa37d4beac8a54abec6315d4caa71b1a689eda0830aabafc3e93877438ef37", kill_on_drop: false }`
[INFO] [stderr]     Blocking waiting for file lock on package cache
[INFO] [stderr]    Compiling syn v0.15.39
[INFO] [stderr]     Checking futures v0.1.28
[INFO] [stderr]     Checking slab v0.4.2
[INFO] [stderr]    Compiling memchr v2.2.0
[INFO] [stderr]    Compiling slog v2.4.1
[INFO] [stderr]    Compiling unicode-segmentation v1.3.0
[INFO] [stderr]     Checking historian v4.0.3
[INFO] [stderr]     Checking md5 v0.3.8
[INFO] [stderr]     Checking linked-hash-map v0.5.2
[INFO] [stderr]    Compiling ryu v1.0.0
[INFO] [stderr]     Checking try_from v0.2.2
[INFO] [stderr]     Checking crossbeam v0.2.12
[INFO] [stderr]     Checking hex v0.3.2
[INFO] [stderr]    Compiling escargot v0.4.0
[INFO] [stderr]     Checking predicates-core v1.0.0
[INFO] [stderr]     Checking panic-control v0.1.4
[INFO] [stderr]     Checking cast v0.2.2
[INFO] [stderr]     Checking difference v2.0.0
[INFO] [stderr]     Checking normalize-line-endings v0.2.2
[INFO] [stderr]     Checking treeline v0.1.0
[INFO] [stderr]     Checking log v0.4.6
[INFO] [stderr]     Checking rand_core v0.3.1
[INFO] [stderr]    Compiling num-traits v0.2.8
[INFO] [stderr]    Compiling num-integer v0.1.41
[INFO] [stderr]    Compiling bincode v1.1.4
[INFO] [stderr]     Checking owning_ref v0.3.3
[INFO] [stderr]    Compiling backtrace-sys v0.1.29
[INFO] [stderr]     Checking textwrap v0.11.0
[INFO] [stderr]     Checking itertools v0.8.0
[INFO] [stderr]     Checking walkdir v2.2.8
[INFO] [stderr]     Checking crossbeam-channel v0.3.8
[INFO] [stderr]     Checking predicates-tree v1.0.0
[INFO] [stderr]     Checking rand_hc v0.1.0
[INFO] [stderr]     Checking rand_xorshift v0.1.1
[INFO] [stderr]     Checking rand_isaac v0.1.1
[INFO] [stderr]     Checking rand v0.4.6
[INFO] [stderr]     Checking dirs v1.0.5
[INFO] [stderr]     Checking fs2 v0.4.3
[INFO] [stderr]     Checking isatty v0.1.9
[INFO] [stderr]     Checking rand v0.5.6
[INFO] [stderr]     Checking fxhash v0.2.1
[INFO] [stderr]     Checking regex-automata v0.1.7
[INFO] [stderr]     Checking rand_xoshiro v0.1.0
[INFO] [stderr]     Checking log v0.3.9
[INFO] [stderr]     Checking rand_chacha v0.1.1
[INFO] [stderr]     Checking bytes v0.4.12
[INFO] [stderr]     Checking mio v0.6.19
[INFO] [stderr]     Checking clap v2.33.0
[INFO] [stderr]    Compiling heck v0.3.1
[INFO] [stderr]     Checking term v0.5.2
[INFO] [stderr]     Checking crossbeam-deque v0.6.3
[INFO] [stderr]     Checking rand v0.6.5
[INFO] [stderr]     Checking crossbeam v0.7.1
[INFO] [stderr]     Checking rayon-core v1.5.0
[INFO] [stderr]     Checking slog-async v2.3.0
[INFO] [stderr]     Checking parking_lot_core v0.2.14
[INFO] [stderr]     Checking criterion-plot v0.3.1
[INFO] [stderr]     Checking aho-corasick v0.7.3
[INFO] [stderr]     Checking csv-core v0.1.6
[INFO] [stderr]     Checking backtrace v0.3.32
[INFO] [stderr]     Checking mio-uds v0.6.7
[INFO] [stderr]     Checking rayon v1.1.0
[INFO] [stderr]     Checking tokio-executor v0.1.7
[INFO] [stderr]     Checking tokio-io v0.1.12
[INFO] [stderr]     Checking tokio-sync v0.1.6
[INFO] [stderr]     Checking parking_lot v0.4.8
[INFO] [stderr]     Checking tokio-timer v0.2.11
[INFO] [stderr]     Checking tokio-current-thread v0.1.6
[INFO] [stderr]     Checking chashmap v2.2.2
[INFO] [stderr]     Checking regex v1.1.7
[INFO] [stderr]     Checking float-cmp v0.4.0
[INFO] [stderr]     Checking parking_lot_core v0.4.0
[INFO] [stderr]     Checking tokio-threadpool v0.1.14
[INFO] [stderr]     Checking tempfile v3.0.8
[INFO] [stderr]     Checking tokio-codec v0.1.1
[INFO] [stderr]     Checking parking_lot v0.7.1
[INFO] [stderr]     Checking chrono v0.4.7
[INFO] [stderr]     Checking tokio-reactor v0.1.9
[INFO] [stderr]     Checking crossbeam v0.6.0
[INFO] [stderr]     Checking tokio-fs v0.1.6
[INFO] [stderr]     Checking slog-scope v4.1.1
[INFO] [stderr]     Checking slog-stdlog v3.0.2
[INFO] [stderr]     Checking predicates v1.0.1
[INFO] [stderr]     Checking tokio-uds v0.2.5
[INFO] [stderr]     Checking tokio-tcp v0.1.3
[INFO] [stderr]     Checking tokio-udp v0.1.3
[INFO] [stderr]     Checking tokio v0.1.21
[INFO] [stderr]     Checking slog-term v2.4.0
[INFO] [stderr]    Compiling synstructure v0.10.2
[INFO] [stderr]    Compiling serde_derive v1.0.94
[INFO] [stderr]    Compiling failure_derive v0.1.5
[INFO] [stderr]    Compiling structopt-derive v0.2.18
[INFO] [stderr]     Checking failure v0.1.5
[INFO] [stderr]     Checking structopt v0.2.18
[INFO] [stderr]     Checking serde v1.0.94
[INFO] [stderr]     Checking serde_json v1.0.39
[INFO] [stderr]     Checking hashbrown v0.3.1
[INFO] [stderr]     Checking serde_bytes v0.11.1
[INFO] [stderr]     Checking ron v0.5.1
[INFO] [stderr]     Checking bstr v0.2.1
[INFO] [stderr]     Checking pagecache v0.17.0
[INFO] [stderr]     Checking csv v1.1.0
[INFO] [stderr]     Checking bson v0.13.0
[INFO] [stderr]     Checking tinytemplate v1.0.2
[INFO] [stderr]     Checking criterion v0.2.11
[INFO] [stderr]     Checking assert_cmd v0.11.1
[INFO] [stderr]     Checking sled v0.24.1
[INFO] [stderr]     Checking kvs v0.1.0 (/opt/rustwide/workdir)
[INFO] [stdout] error[E0599]: no method named `unwrap` found for struct `Box<(dyn futures::future::Future<Error = i32, Item = ()> + Send + 'static)>` in the current scope
[INFO] [stdout]   --> benches/thread_pool.rs:38:45
[INFO] [stdout]    |
[INFO] [stdout] 38 |                 let handle = server.start().unwrap();
[INFO] [stdout]    |                                             ^^^^^^ method not found in `Box<(dyn futures::future::Future<Error = i32, Item = ()> + Send + 'static)>`
[INFO] [stdout] 
[INFO] [stdout] 
[INFO] [stdout] error[E0308]: mismatched types
[INFO] [stdout]   --> benches/thread_pool.rs:56:44
[INFO] [stdout]    |
[INFO] [stdout] 56 | ...                   if let Err(e) = cli.set(k, v) {
[INFO] [stdout]    |                              ^^^^^^ expected opaque type, found enum `std::result::Result`
[INFO] [stdout]    | 
[INFO] [stdout]   ::: /opt/rustwide/workdir/src/client.rs:64:52
[INFO] [stdout]    |
[INFO] [stdout] 64 |     pub fn set(&self, key: String, val: String) -> impl Future<Item = (), Error = i32> {
[INFO] [stdout]    |                                                    ----------------------------------- the expected opaque type
[INFO] [stdout]    |
[INFO] [stdout]    = note: expected opaque type `impl futures::future::Future`
[INFO] [stdout]                      found enum `std::result::Result<_, _>`
[INFO] [stdout] 
[INFO] [stdout] 
[INFO] [stdout] error[E0599]: no method named `unwrap` found for struct `Box<(dyn futures::future::Future<Error = i32, Item = ()> + Send + 'static)>` in the current scope
[INFO] [stdout]   --> benches/thread_pool.rs:95:45
[INFO] [stdout]    |
[INFO] [stdout] 95 |                 let handle = server.start().unwrap();
[INFO] [stdout]    |                                             ^^^^^^ method not found in `Box<(dyn futures::future::Future<Error = i32, Item = ()> + Send + 'static)>`
[INFO] [stdout] 
[INFO] [stdout] 
[INFO] [stdout] error[E0599]: no method named `unwrap` found for opaque type `impl futures::future::Future` in the current scope
[INFO] [stdout]    --> benches/thread_pool.rs:107:26
[INFO] [stdout]     |
[INFO] [stdout] 107 |                         .unwrap();
[INFO] [stdout]     |                          ^^^^^^ method not found in `impl futures::future::Future`
[INFO] [stdout] 
[INFO] [stdout] 
[INFO] [stdout] error[E0308]: mismatched types
[INFO] [stdout]    --> benches/thread_pool.rs:121:44
[INFO] [stdout]     |
[INFO] [stdout] 121 | ...                   if let Err(e) = cli.get(k) {
[INFO] [stdout]     |                              ^^^^^^ expected opaque type, found enum `std::result::Result`
[INFO] [stdout]     | 
[INFO] [stdout]    ::: /opt/rustwide/workdir/src/client.rs:84:39
[INFO] [stdout]     |
[INFO] [stdout] 84  |     pub fn get(&self, key: String) -> impl Future<Item = Option<String>, Error = i32> {
[INFO] [stdout]     |                                       ----------------------------------------------- the expected opaque type
[INFO] [stdout]     |
[INFO] [stdout]     = note: expected opaque type `impl futures::future::Future`
[INFO] [stdout]                       found enum `std::result::Result<_, _>`
[INFO] [stdout] 
[INFO] [stdout] 
[INFO] [stdout] error[E0599]: no method named `unwrap` found for struct `Box<(dyn futures::future::Future<Error = i32, Item = ()> + Send + 'static)>` in the current scope
[INFO] [stdout]    --> benches/thread_pool.rs:160:45
[INFO] [stdout]     |
[INFO] [stdout] 160 |                 let handle = server.start().unwrap();
[INFO] [stdout]     |                                             ^^^^^^ method not found in `Box<(dyn futures::future::Future<Error = i32, Item = ()> + Send + 'static)>`
[INFO] [stdout] 
[INFO] [stdout] 
[INFO] [stdout] error[E0308]: mismatched types
[INFO] [stdout]    --> benches/thread_pool.rs:178:44
[INFO] [stdout]     |
[INFO] [stdout] 178 | ...                   if let Err(e) = cli.set(k, v) {
[INFO] [stdout]     |                              ^^^^^^ expected opaque type, found enum `std::result::Result`
[INFO] [stdout]     | 
[INFO] [stdout]    ::: /opt/rustwide/workdir/src/client.rs:64:52
[INFO] [stdout]     |
[INFO] [stdout] 64  |     pub fn set(&self, key: String, val: String) -> impl Future<Item = (), Error = i32> {
[INFO] [stdout]     |                                                    ----------------------------------- the expected opaque type
[INFO] [stdout]     |
[INFO] [stdout]     = note: expected opaque type `impl futures::future::Future`
[INFO] [stdout]                       found enum `std::result::Result<_, _>`
[INFO] [stdout] 
[INFO] [stdout] 
[INFO] [stdout] error[E0599]: no method named `unwrap` found for struct `Box<(dyn futures::future::Future<Error = i32, Item = ()> + Send + 'static)>` in the current scope
[INFO] [stdout]    --> benches/thread_pool.rs:217:45
[INFO] [stdout]     |
[INFO] [stdout] 217 |                 let handle = server.start().unwrap();
[INFO] [stdout]     |                                             ^^^^^^ method not found in `Box<(dyn futures::future::Future<Error = i32, Item = ()> + Send + 'static)>`
[INFO] [stdout] 
[INFO] [stdout] 
[INFO] [stdout] error[E0599]: no method named `unwrap` found for opaque type `impl futures::future::Future` in the current scope
[INFO] [stdout]    --> benches/thread_pool.rs:229:26
[INFO] [stdout]     |
[INFO] [stdout] 229 |                         .unwrap();
[INFO] [stdout]     |                          ^^^^^^ method not found in `impl futures::future::Future`
[INFO] [stdout] 
[INFO] [stdout] 
[INFO] [stdout] error[E0308]: mismatched types
[INFO] [stdout]    --> benches/thread_pool.rs:243:44
[INFO] [stdout]     |
[INFO] [stdout] 243 | ...                   if let Err(e) = cli.get(k) {
[INFO] [stdout]     |                              ^^^^^^ expected opaque type, found enum `std::result::Result`
[INFO] [stdout]     | 
[INFO] [stdout]    ::: /opt/rustwide/workdir/src/client.rs:84:39
[INFO] [stdout]     |
[INFO] [stdout] 84  |     pub fn get(&self, key: String) -> impl Future<Item = Option<String>, Error = i32> {
[INFO] [stdout]     |                                       ----------------------------------------------- the expected opaque type
[INFO] [stdout]     |
[INFO] [stdout]     = note: expected opaque type `impl futures::future::Future`
[INFO] [stdout]                       found enum `std::result::Result<_, _>`
[INFO] [stdout] 
[INFO] [stdout] 
[INFO] [stdout] error[E0599]: no method named `unwrap` found for struct `Box<(dyn futures::future::Future<Error = i32, Item = ()> + Send + 'static)>` in the current scope
[INFO] [stdout]    --> benches/thread_pool.rs:282:45
[INFO] [stdout]     |
[INFO] [stdout] 282 |                 let handle = server.start().unwrap();
[INFO] [stdout]     |                                             ^^^^^^ method not found in `Box<(dyn futures::future::Future<Error = i32, Item = ()> + Send + 'static)>`
[INFO] [stdout] 
[INFO] [stdout] 
[INFO] [stdout] error[E0308]: mismatched types
[INFO] [stdout]    --> benches/thread_pool.rs:300:44
[INFO] [stdout]     |
[INFO] [stdout] 300 | ...                   if let Err(e) = cli.set(k, v) {
[INFO] [stdout]     |                              ^^^^^^ expected opaque type, found enum `std::result::Result`
[INFO] [stdout]     | 
[INFO] [stdout]    ::: /opt/rustwide/workdir/src/client.rs:64:52
[INFO] [stdout]     |
[INFO] [stdout] 64  |     pub fn set(&self, key: String, val: String) -> impl Future<Item = (), Error = i32> {
[INFO] [stdout]     |                                                    ----------------------------------- the expected opaque type
[INFO] [stdout]     |
[INFO] [stdout]     = note: expected opaque type `impl futures::future::Future`
[INFO] [stdout]                       found enum `std::result::Result<_, _>`
[INFO] [stdout] 
[INFO] [stdout] 
[INFO] [stdout] error[E0599]: no method named `unwrap` found for struct `Box<(dyn futures::future::Future<Error = i32, Item = ()> + Send + 'static)>` in the current scope
[INFO] [stdout]    --> benches/thread_pool.rs:339:45
[INFO] [stdout]     |
[INFO] [stdout] 339 |                 let handle = server.start().unwrap();
[INFO] [stdout]     |                                             ^^^^^^ method not found in `Box<(dyn futures::future::Future<Error = i32, Item = ()> + Send + 'static)>`
[INFO] [stdout] 
[INFO] [stdout] 
[INFO] [stdout] error[E0599]: no method named `unwrap` found for opaque type `impl futures::future::Future` in the current scope
[INFO] [stdout]    --> benches/thread_pool.rs:351:26
[INFO] [stdout]     |
[INFO] [stdout] 351 |                         .unwrap();
[INFO] [stdout]     |                          ^^^^^^ method not found in `impl futures::future::Future`
[INFO] [stdout] 
[INFO] [stdout] 
[INFO] [stderr] error: could not compile `kvs`.
[INFO] [stdout] error[E0308]: mismatched types
[INFO] [stdout]    --> benches/thread_pool.rs:365:44
[INFO] [stdout]     |
[INFO] [stdout] 365 | ...                   if let Err(e) = cli.get(k) {
[INFO] [stdout]     |                              ^^^^^^ expected opaque type, found enum `std::result::Result`
[INFO] [stdout]     | 
[INFO] [stdout]    ::: /opt/rustwide/workdir/src/client.rs:84:39
[INFO] [stdout]     |
[INFO] [stdout] 84  |     pub fn get(&self, key: String) -> impl Future<Item = Option<String>, Error = i32> {
[INFO] [stdout]     |                                       ----------------------------------------------- the expected opaque type
[INFO] [stdout]     |
[INFO] [stdout]     = note: expected opaque type `impl futures::future::Future`
[INFO] [stdout]                       found enum `std::result::Result<_, _>`
[INFO] [stdout] 
[INFO] [stdout] 
[INFO] [stderr] 
[INFO] [stdout] error: aborting due to 15 previous errors
[INFO] [stdout] 
[INFO] [stdout] 
[INFO] [stderr] To learn more, run the command again with --verbose.
[INFO] [stdout] Some errors have detailed explanations: E0308, E0599.
[INFO] [stdout] 
[INFO] [stderr] warning: build failed, waiting for other jobs to finish...
[INFO] [stdout] For more information about an error, try `rustc --explain E0308`.
[INFO] [stdout] 
[INFO] [stderr] error: build failed
[INFO] running `Command { std: "docker" "inspect" "aeaa37d4beac8a54abec6315d4caa71b1a689eda0830aabafc3e93877438ef37", kill_on_drop: false }`
[INFO] running `Command { std: "docker" "rm" "-f" "aeaa37d4beac8a54abec6315d4caa71b1a689eda0830aabafc3e93877438ef37", kill_on_drop: false }`
[INFO] [stdout] aeaa37d4beac8a54abec6315d4caa71b1a689eda0830aabafc3e93877438ef37
